. What is the remainder when x(-3) is divided by k?
12
Suppose -4*v = v + 2640. Let w = v + 844. Suppose -4*c + w = -5*s, s + 240 + 8 = 3*c. What is the remainder when c is divided by 29?
26
Let s = -2882 + 4649. Calculate the remainder when s is divided by 104.
103
Suppose -1576 - 1178 = -102*y. Calculate the remainder when 57 is divided by y.
3
Suppose o - 151 = a, 2*o + 467*a - 463*a = 314. Calculate the remainder when 256 is divided by o.
103
Let o = 7612 + -7521. Calculate the remainder when 548 is divided by o.
2
Let o be (-4)/14 + 9724/(-119). Let n = o + 80. What is the remainder when 195/(-3 + (-9)/n) is divided by 19?
16
Let n(a) = a**2 - a - 16. Let l be n(5). Suppose -l*x - 2*p = -x + 70, -x - 2*p = 26. Let o = x + 70. Calculate the remainder when o is divided by 10.
8
Calculate the remainder when 1287/15 + 6/15 + 16/(-80) is divided by 6.
2
Suppose 3*z = -2*c + 2904 + 217, -5*c = -4*z - 7814. What is the remainder when c is divided by 25?
12
What is the remainder when 919 is divided by 23 + 1350/15 + 16?
16
Suppose w + 6*w = -336. Let g(k) = 2*k**2 + 8*k - 4. Calculate the remainder when g(3) is divided by (-6)/w*2*(-2 - -22).
3
Suppose 3*l + 4*p = 29, 11*p - 16*p + 38 = 4*l. Suppose 0 = 3*a, 2*c + 0*a = a - 8. Let m = l - c. What is the remainder when 38 is divided by m?
5
Let f = -24 + 26. Let t = -5 + f. What is the remainder when 52 is divided by ((-27)/6)/(t/6)?
7
Suppose 0 = -107*v + 104*v - 567. Let t = v + 313. What is the remainder when t is divided by 9?
7
What is the remainder when ((-74)/(-4) + -16)/(1/214) is divided by 136?
127
Let k(g) = -38*g**2 + 7*g - 31*g**2 - 2*g + 71*g**2 - 80. What is the remainder when 87 is divided by k(6)?
21
Let a = 32 - 51. Let d = -2 - a. Let v = -56 - -59. What is the remainder when d is divided by v?
2
Let v(c) = -3*c + c**3 - c**2 - 1 + 0 - 3*c**2. Let t(n) = -2*n**3 + 14*n**2 - 14*n - 12. What is the remainder when v(6) is divided by t(5)?
17
Let z be (-60)/14 - 8/(-28). Calculate the remainder when (-290)/(-4) - (54/12 + -3) is divided by (-9)/(11/z + 2).
11
Let s = 18 - 2. Calculate the remainder when 1794/(-12)*232/(-754) is divided by s.
14
Let s = -13744 + 14110. What is the remainder when 611 is divided by s?
245
Suppose 4*p - 274 - 46 = 0. Suppose p = -9*w + 17*w. What is the remainder when 79 is divided by w?
9
Let r be 31/(-4) - (-80)/(-64). Calculate the remainder when 53 is divided by (r/6)/(24/(-64)).
1
Let u = 199 + -62. Suppose -15 = -4*b + u. Let l(h) = -h**2 + 22*h - 47. Calculate the remainder when b is divided by l(19).
8
Let z be 4/(-9) + (-2236)/234. Let o(k) = -53*k + 211. What is the remainder when o(z) is divided by 53?
52
Let v be (-1 + 2 + 1)/(-6)*0. Suppose 5*m - 5*t + 7*t - 2462 = v, -5*m - 5*t + 2450 = 0. Calculate the remainder when m is divided by 83.
79
Suppose 35*c + 269 = 39*c - 163. Calculate the remainder when 281 is divided by c.
65
Suppose -p = 7, 13*z = 18*z - 3*p - 2696. What is the remainder when z is divided by 21?
10
Let f(c) = -44 - 53*c**2 + 54*c**2 - 35 + 40*c. Calculate the remainder when f(-43) is divided by 16.
2
Let u(b) = -151*b**3 + b**2. Suppose -2*a = -3*t + 76, -115*a + 118*a = t - 37. What is the remainder when u(-1) is divided by t?
20
Let i = -3072 - -5067. Let f = 37 + -22. What is the remainder when ((-6)/10)/((-21)/i) is divided by f?
12
Suppose -421*j + 499*j - 1851 = 1971. Let l(t) = -4*t**3 + 3*t**2 - 3*t - 2. What is the remainder when l(-3) is divided by j?
44
What is the remainder when 111 is divided by ((-69)/(-46) - 51/30)/(2/(-970))?
14
Suppose 1393 + 298 + 740 = 11*l. Calculate the remainder when l is divided by 105.
11
Suppose -43*t + 8297 = -6495. What is the remainder when t is divided by 29?
25
Let m be (5/(-3))/(90/(-324)). Suppose -3*g = -g + m, -3 = -5*d + g. Suppose d*a - 54 = -3*a. Calculate the remainder when 87 is divided by a.
15
Suppose 0 = -222*a + 226*a - 5*u - 388, -4*a = u - 436. What is the remainder when a is divided by 14?
9
Let s = -1021 - -1047. Calculate the remainder when 106 is divided by s.
2
Let i(a) = a**3 + 8*a**2 - 14*a - 40. Let f be i(-9). Suppose -48*r - 50 = -f*m - 46*r, m - 2 = 2*r. Calculate the remainder when 28 is divided by m.
4
Let v(d) = -2*d**3 - 5*d**2 + 19*d - 30. Calculate the remainder when v(-16) is divided by 140.
138
Suppose 75*w - 78*w + 55 = -2*j, 0 = -w + j + 21. What is the remainder when 4222 is divided by w?
10
Suppose -5*u = -35*o + 31*o, -2*o + 14 = u. Calculate the remainder when 678 is divided by u.
2
Let y(n) = 17*n**3 - 5*n**2 + 4*n - 3. Suppose 3*m - 5*l - 113 = 0, -5*m = -44*l + 45*l - 67. What is the remainder when y(4) is divided by m?
13
Suppose -38*k = -913 - 2393. Calculate the remainder when 10700 is divided by k.
86
Let s(u) = -5*u**2 + 3*u + 1546. Calculate the remainder when s(0) is divided by 43.
41
Suppose 3*t + 5*m = 184, 0 = -5*t - 3*m + 6*m + 284. What is the remainder when 4348 is divided by t?
56
Let k(j) = 2*j**3 + 21*j**2 + 14*j + 6. What is the remainder when 853 is divided by k(-9)?
115
Let z = -87 + 184. What is the remainder when z is divided by (-8)/(61 + -13) - (-326)/12?
16
Calculate the remainder when 1286 + -21 + 15 + 17 is divided by 257.
12
Suppose 16 + 186 = 53*g - 805. Calculate the remainder when 127 is divided by g.
13
Let j = -15409 + 16622. What is the remainder when j is divided by 150?
13
Suppose -188 + 108 = -o + 207. What is the remainder when o is divided by 47?
5
Let x(l) = -3*l - 1. Let n = 240 + -241. Calculate the remainder when 43 + (n - (-3)/6)*2 is divided by x(-4).
9
Suppose 2 = -n + 4, 0 = 2*h + n - 2. Suppose h*q - q - 5 = 0. Let w(o) = -o**3 - 2*o**2 + 12*o + 6. Calculate the remainder when 80 is divided by w(q).
17
Let b = 1450 - 913. Suppose 541*v - b*v = 204. Calculate the remainder when 407 is divided by v.
50
Let n(j) = -j**3 + 4*j**2 + 8*j + 1. Let p(q) = 4*q**3 - 12*q**2 - 23*q - 1. Let w(c) = -7*n(c) - 2*p(c). Calculate the remainder when w(-4) is divided by 12.
11
Suppose -2350 + 466 = -6*q - 0*q. What is the remainder when q is divided by 7?
6
Suppose 41 - 77 = 9*m. Calculate the remainder when 4/(1728/(-438) - m) is divided by 28.
17
Suppose 4*o = -y + 102, -y + 38 + 90 = 5*o. Let z(x) = 1055*x + 13866. Calculate the remainder when z(-13) is divided by o.
21
Let k be 108/32 + 2 - 6/16. Suppose 0 = 5*i - i - s - 332, k*s + 166 = 2*i. What is the remainder when i is divided by 14?
13
Let j(c) = -4*c**3 - c**2 - 3*c - 3. Let t be j(-2). Suppose -2*i + 3 = -t. Let g = i + -3. Calculate the remainder when g is divided by 2.
0
Let g = -4202 - -4207. What is the remainder when 499 is divided by g?
4
Let i(s) = 30*s**2 + 43*s + 830. Let z(k) = 11*k**2 + 15*k + 277. Let d(x) = 6*i(x) - 17*z(x). What is the remainder when d(0) is divided by 7?
5
Suppose 0 = -18*a - 5*a - 6542 + 16225. Calculate the remainder when a is divided by 39.
31
Let l(w) = -9*w**2 + 101*w + 423. Let s = 1 - -49. What is the remainder when l(14) is divided by s?
23
Let v = -70 + 154. Suppose c + 3*c - v = 0. Let i(y) = -y**2 + 41*y - 133. What is the remainder when i(35) is divided by c?
14
What is the remainder when (-129)/(-516) + (-6526)/(-8) is divided by 76?
56
Let u be 84 + 2/1 + 4. Suppose 0 = 2*i - u. Suppose -43*f + i*f = 170. Calculate the remainder when f is divided by 11.
8
Suppose -5*n = -4*c + 37, -2*c - 5 + 20 = n. Let r(m) = 470*m - 1812. What is the remainder when r(4) is divided by c?
4
Let f = 136 + -81. Let n(c) = -3*c - 70. Let o be 3*((-27)/(-36))/((-9)/104). Calculate the remainder when f is divided by n(o).
7
Let r be (21*4)/(39/26). Suppose 29*n - 25*n - r = 0. Calculate the remainder when 76 is divided by n.
6
Let g = -217 + 344. Suppose 5*p - 155 = -5*y, 2*y = 4*p + 3*y - g. What is the remainder when p is divided by 9?
5
Suppose -4*m = 8*m - 60. Suppose -v - 4*h = h + 44, 0 = -m*v - h - 196. Calculate the remainder when 103 is divided by (v/2)/(45/(-60)).
25
Suppose 0 = 4*d - 93 - 27. Let m(g) = d*g + g**3 + 0*g**2 - 23*g + 11*g**2 - 2*g**3 + 7. Calculate the remainder when m(10) is divided by 30.
27
Calculate the remainder when 4324 is divided by 11 + 4/(-1) + 9/((-45)/10).
4
Suppose -2 = 30*q - 152. What is the remainder when 345 is divided by q?
0
Let t = -17 + 39. Let n = t + -13. Calculate t